430. Suppose 5*y - 95 = 5*w, 0 = -0*y + y - 4. What is the units digit of ((-50)/w)/(2/o)?
0
Let h = 28506 - 16353. What is the tens digit of h?
5
Let x = 46 + -32. Let z be (-4)/x*-2*(-42)/12. What is the hundreds digit of (206/z + -1)*105/(-60)?
1
Suppose -d = -2*d + 18. Suppose 5*h + d = 4*y - 5, 2*h + 4 = -y. What is the tens digit of 5 + -4 + y + 37?
4
Suppose -s - 4*s = -8090. Suppose 0 = -3*f + 317 + s. Suppose 0 = -5*n + 5*w + f, -w = -2*w + 5. What is the units digit of n?
4
Suppose 3*o + 4*x - 328 - 121 = 0, 4*x = 2*o - 266. Suppose 5*n - 1032 = o. Suppose -3*b - y + 288 = -n, -3*b + y + 527 = 0. What is the units digit of b?
5
Let g(p) = p**3 - 2*p**2 - 5*p + 5. Let f be g(3). Let u = f + -9. What is the tens digit of (12/(-5))/1*u?
2
Let d = -11399 - -12375. What is the units digit of d?
6
What is the hundreds digit of -2*(-1)/(-9) - 40823231/(-2169)?
8
Suppose -4*p + 5*y = -261221, 4*p = 2*p + 5*y + 130633. What is the ten thousands digit of p?
6
Let k be 2*-2*(-3)/2. Let f(w) = -w**3 + 7*w**2 + 6*w + 7. Let m be f(k). Suppose t - p - m = p, 0 = -5*p - 20. What is the units digit of t?
1
Let j(b) = 2*b**2 + 6*b + 7. Let h be j(-4). Suppose 0 = 15*o - 20*o + h. Suppose -5*v + 2*v - 3*d + 150 = 0, 140 = o*v + 5*d. What is the tens digit of v?
5
Suppose -k - 3666 + 12466 = -3*z, -4*z - 17594 = -2*k. What is the units digit of k?
1
Suppose 2*g - 123 = -g. Suppose -5*v + 131 = g. Suppose v + 105 = 3*n. What is the units digit of n?
1
Let d be (-14668)/(-26) + (-4 - 15*70/(-273)). Suppose 0 = -o + 2*o + 4*k + 14, 0 = -5*o + 4*k + 50. Suppose -o*l + 2*l = -d. What is the tens digit of l?
4
Let a be (-4)/(25 + -1) + 46551/18. Let p = a - 1611. What is the hundreds digit of p?
9
Let r = 29 + -33. What is the tens digit of -6 - 4/r*345?
3
Suppose 221*t - 3944 = 204*t. Let m = t - -1664. What is the hundreds digit of m?
8
Suppose j + 3*j - 28 = 0. Let u(s) = -89*s - 234. Let q be u(-3). Let i = q + j. What is the tens digit of i?
4
Let r = 83 + -73. Let t be 5/r - (-122)/4. Let d = 119 + t. What is the tens digit of d?
5
What is the ten thousands digit of ((-15)/(-10)*-2 + 2517 + 3)*7?
1
Let y(m) = m**3 + 2*m**2 + m - 9. Suppose -p = w - 6, w - 4*p = -0*w + 1. What is the units digit of y(w)?
1
Let v = 24246 - 4655. What is the hundreds digit of v?
5
Suppose -19 = -3*r + 5*k, 0 = r - 4*k - 0*k - 18. Let d be -6 + (4 - (-1 - r)). What is the units digit of 6/(d + 50/15)?
8
Suppose -4*n + 3*m - 1161 = 8*m, 299 = -n - 3*m. Let h = n - -309. What is the tens digit of h?
2
What is the hundreds digit of ((-294)/(-1029))/(2/5299)?
7
Let y = 71052 - 22543. What is the thousands digit of y?
8
Let z = -41 + 65. Suppose v - z = -3*v. Let j(q) = 2*q**2 - 12*q + 5. What is the units digit of j(v)?
5
Suppose 238 = q + 5*z, -15 = 2*z - 5*z. Let i = q - -87. What is the tens digit of i?
0
Let w = -5266 + 8073. What is the units digit of w?
7
Suppose 34*k - 479296 - 260288 = -94*k. What is the units digit of k?
8
Let p = -1261 + 2286. Suppose 6*z - p = z. What is the hundreds digit of z?
2
Let q = -475 - -5010. What is the thousands digit of q?
4
Suppose 21*x + 20 = 17*x. Let m(z) = -53*z + 77. What is the tens digit of m(x)?
4
Suppose 6560 = 2*y - 3472. What is the thousands digit of y?
5
Let m(s) = s**2 - 15*s - 1399. What is the hundreds digit of m(73)?
8
Let y be (-2 - 194)/4 - -5. What is the tens digit of ((y/(-1))/(-2))/(18/(-207))?
5
Let p = 8706 - 5319. What is the thousands digit of p?
3
Let f = 21313 - -1395. What is the thousands digit of f?
2
Let t(b) = -b**3 + 7*b**2 + 4*b - 9. Let w(n) = -2*n**3 + 12*n**2 + 9*n - 17. Let i(r) = 7*t(r) - 4*w(r). What is the hundreds digit of i(7)?
3
Let i(w) = -42*w + 172. What is the tens digit of i(-17)?
8
Suppose -6*u + 2*n + 35 = -u, -5*u + n + 35 = 0. Suppose -2*x - 1 = u. What is the units digit of ((-60)/(-50))/(x/(-30))?
9
Let m(b) = b - 9. Let v be m(15). Suppose 27 = -v*f + 9*f. Let o = 32 - f. What is the units digit of o?
3
Let o = 23174 + -22285. What is the hundreds digit of o?
8
Suppose -167*s + 177*s - 163950 = 0. What is the thousands digit of s?
6
Suppose -44740 = -4*a - 5*o, 355*o + 33550 = 3*a + 360*o. What is the thousands digit of a?
1
Let k(x) = -9*x + 52. Let h be k(8). Let q be ((-108)/h - 5)/((-2)/(-10)). Suppose 104 = q*j + 20. What is the tens digit of j?
4
What is the hundreds digit of -3438*2/36*-4?
7
Let p = 220 + -797. Let u = 857 + p. What is the units digit of u?
0
Let p(f) = 429*f + 10. Let j = 282 - 280. What is the hundreds digit of p(j)?
8
Let f = -52 - -59. Suppose 0*n = -12*n + f*n. Suppose -5*v + v + 172 = n. What is the units digit of v?
3
Let h(w) be the first derivative of 3*w**4/4 - 2*w**3 + 5*w**2 + 15*w + 191. What is the hundreds digit of h(5)?
2
Let p = 403 + -89. Let l = p - 269. What is the units digit of l?
5
Suppose -5*f = 5, -10*i + 12*i + 2*f = -1406. What is the hundreds digit of (-4 + i/(-24))/(6/168)?
7
Let f(t) = 168*t**2 + 32*t - 6. What is the hundreds digit of f(7)?
4
Suppose -82422 = -4*c - u, 26977 + 14219 = 2*c - 2*u. What is the units digit of c?
4
Let z = 12690 - 8895. What is the units digit of z?
5
Let x = -429 + -84. Let v = x + 908. What is the hundreds digit of v?
3
Let x(j) be the second derivative of 5*j**4/6 - j**3/3 + 4*j**2 - j. Let m be 4*1*((3 - 2) + -2). What is the hundreds digit of x(m)?
1
Suppose 5*a = a + 5*b + 1525, -20 = 4*b. Suppose -2*g + a = g. What is the tens digit of 5475/g + (-1)/(-5)?
4
Let n = 132 - 122. Suppose 6*g + 904 = n*g. What is the tens digit of g?
2
Let p(w) = -321*w**3 - 3*w**2 - 39*w - 130. What is the tens digit of p(-3)?
2
Let p be ((-288)/84)/4 - (-351)/(-7). Let s(c) = 70*c + 1. Let k be s(2). Let i = p + k. What is the tens digit of i?
9
Let f be ((4 - -2) + -4)*-2 + 6. Suppose -13*c = -12*c + 5*k - 492, f*c + 4*k = 966. What is the tens digit of c?
7
Suppose y + 2 = -0, 2*y - 4 = -r. Suppose -3*v - 65 = -r*v. Let h = 63 - v. What is the tens digit of h?
5
Let w(p) = 11*p + 2. Let y be w(0). Suppose 22*t = -y*h + 24*t + 818, 0 = -2*h - 5*t + 783. What is the hundreds digit of h?
4
Suppose -4*s + 60938 = -2*j, -4*s - 3*j + 37046 = -23877. What is the hundreds digit of s?
2
Let m(f) = 7*f**3 + 4*f**2 + f - 5. Let k be m(4). Suppose -6*j = -k - 767. Suppose 63 = -4*p - 2*o + j, -3*o + 187 = 5*p. What is the units digit of p?
8
Suppose -3*o = -9, 0 = w - o - o. What is the tens digit of 2916/w*(4/(-12) + 1)?
2
Let o(h) = 31*h**2 + 8*h. Let p be o(-2). Suppose 0 = -p*u + 97*u + 2024. What is the units digit of u?
4
Let f be (2/(-6))/((-12)/72). Suppose 0 = -3*u - v - 55 + 1248, -f*v = 4*u - 1590. What is the hundreds digit of u?
3
Suppose 6*h + 4*w - 80 = 2*h, 3*h - 4*w = 88. Suppose -h = -4*u + 132. Let l = 158 - u. What is the tens digit of l?
1
Let l(d) = -d**3 - 3*d**2 + 11*d - 5. Suppose -2*q - 4 + 6 = 0. Let b(i) = -5*i**3 - 3*i + 2. Let y be b(q). What is the units digit of l(y)?
7
Let y(w) = 12*w**2 - 42*w + 316. Let m be y(19). Suppose -5*j - 2*h = -m, 0 = 5*j + h + 4*h - 3865. What is the units digit of j?
8
Suppose -4 = -2*g, -3*k + g - 6226 + 25817 = 0. What is the thousands digit of k?
6
Suppose -2*l + 3163 = -831. What is the thousands digit of l?
1
Suppose z + 2*x + 592 = 0, -3*z - 1170 = -z - 3*x. Let d = 264 + z. Let m = 539 + d. What is the tens digit of m?
1
Let q = -67910 - -95705. What is the hundreds digit of q?
7
Let a = 8 - 8. Let d = -108 + 153. Suppose -d*o + 46*o - 35 = a. What is the tens digit of o?
3
Let u = -5870 - -14538. What is the hundreds digit of u?
6
Let o = 245 - 238. Suppose -o*y - 563 = -9*y - 5*f, 0 = y + f - 277. What is the units digit of y?
4
Suppose 0 = 1095*n - 546*n - 540*n - 186102. What is the ten thousands digit of n?
2
Let c be 4/8*(3 - 15)*-1. Suppose -v = -4*q - 59, 0*v + 4*q + 137 = 3*v. Suppose -l = -c - v. What is the units digit of l?
5
Suppose -44193 = 13*y - 131597 - 45989. What is the ten thousands digit of y?
1
Let o = 680 - 468. Let c = 184 - 110. Let t = o - c. What is the tens digit of t?
3
Let l = -41754 - -73767. What is the units digit of l?
3
Suppose -23*k - 2*i + 419866 = -6*k, -5*k + 123490 = -3*i. What is the ten thousands digit of k?
2
Let v(u) = u + 13. Let t be v(-7). Let j(x) = 6*x**2 - 13 - 2*x**2 + 9*x - 3*x**2. What is the 